n + 166. Suppose -24*i = -21*i - l. What are the prime factors of i?
13
Suppose 4*c - 164 = -3*j, 2*c = -j + 5*j - 226. List the prime factors of j.
2, 7
Let o = -161 - -279. Suppose 2*i + 92 = 4*p, p + o = 6*p - 4*i. What are the prime factors of p?
2, 11
Suppose -347 = -3*u + 5*a, 4*u + 4*a + 0*a - 516 = 0. What are the prime factors of u?
2, 31
Let t = -3 + 3. Suppose 2*h = -t*h. Let r = 5 - h. List the prime factors of r.
5
Suppose -3*f - 8 = -20. Suppose -6 = -f*n + 50. List the prime factors of n.
2, 7
Suppose 5*n = -3*t - 44, 3*t + 5 = 4*n + 51. Let w be 24/n - (-2)/5. List the prime factors of 12 + 2/4*w.
11
Let u(z) = -z**2 - z + 1. Let p(j) be the first derivative of -5*j**3/3 - 9*j**2/2 + 6*j + 4. Let x(b) = p(b) - 6*u(b). List the prime factors of x(5).
2, 5
Suppose -5*s + 2*m + 61 = 0, m + 3 = -0. Suppose -k = s + 34. List the prime factors of (-235)/k + 2/(-9).
5
Let m(n) = -3*n**3 + 12*n**2 - 19*n + 16. Let s(w) = 5*w**3 - 18*w**2 + 29*w - 24. Let d(q) = 8*m(q) + 5*s(q). What are the prime factors of d(-6)?
2, 5
Let z = 0 - -3. Let f be (3/z)/(3/(-9)). Let k(h) = h**2 - 2*h - 1. List the prime factors of k(f).
2, 7
Let k = -18 + 12. Let m be 44/2 - (-4 - k). Suppose 2*q = 6*q - m. What are the prime factors of q?
5
Let i be (-4)/(-6) - 13/(-3). Suppose 0 = 2*v + i*x + 6, x + 5 = 5*v - 34. What are the prime factors of (-1)/(-4) + v/4?
2
Let o(k) = -k**2 - k + 30. Let h be o(0). Suppose -4*l = -2*l + h. What are the prime factors of 32/6 - (-5)/l?
5
Let y be -13 + (-1 - 0)*-1. Suppose 0 = 3*d + 13 - 4. Let x = d - y. What are the prime factors of x?
3
Let u(k) = -k + 7. Let p be u(7). Suppose 3*a - 8 - 1 = p. What are the prime factors of a?
3
What are the prime factors of (-15)/3 + -1 + 93?
3, 29
Let v = -3 + 5. Suppose 0 = 3*p + v*p + 5*k - 20, 0 = -2*k. Suppose 9 = -3*h - p*u + 1, u = -3*h + 7. List the prime factors of h.
2
Let c be 3 - 6 - 2*-2. Let i = 6 - c. What are the prime factors of i?
5
Let c(k) = 8*k - 24. What are the prime factors of c(23)?
2, 5
Let s = -3 + 10. Let g = s - -7. List the prime factors of g.
2, 7
Suppose -2*m + 61 = -43. Suppose 2*g = r - 4, -3*g + 16 = -4*g + 4*r. Suppose g*v - m = -4*v. List the prime factors of v.
13
Suppose -w + 3*w + 2*c - 42 = 0, 2*c - 6 = 0. Suppose -4*v = w + 10. Let r = 22 + v. What are the prime factors of r?
3, 5
What are the prime factors of 6/12 + 11/2?
2, 3
List the prime factors of (-112)/12*(-15)/4.
5, 7
Let f(a) = -28*a + 45. What are the prime factors of f(-5)?
5, 37
Suppose -3*u = 4*k - 1517, -1146 = -4*k + k - 5*u. List the prime factors of k.
13, 29
Suppose -h = 5 - 2. Let j = 2 + h. Let x = 10 + j. List the prime factors of x.
3
What are the prime factors of 2 + -2 + -4 + 1 + 163?
2, 5
Suppose 49 - 7 = -3*m. What are the prime factors of (m/(-10))/(5/25)?
7
Suppose -u + 11 = -3*z, 4*u = 4*z + 24 + 52. Let i = 0 + 5. Suppose 0 = -i*g - 8 + u. What are the prime factors of g?
3
Suppose 2*w - 5*q - 2 = 0, -4 + 2 = w - 4*q. List the prime factors of w.
2, 3
Let j(p) = -4*p - 3 + 6*p**2 - p**3 + 3. List the prime factors of j(4).
2
Let i be 14/8 + 2/8. Suppose 4*g - 41 - 11 = 4*t, g - 16 = -i*t. Let k = -2 + g. List the prime factors of k.
2, 3
Suppose -4*d + 18 = -2. Suppose 5*j = 3*u + 36 + 43, -4*j + d*u = -71. Suppose -j = -4*o + 2*o. What are the prime factors of o?
7
Let y(c) = -5*c - 6*c - 1 + 7*c. What are the prime factors of y(-5)?
19
Suppose -3*m = -7*m + 84. List the prime factors of m.
3, 7
Suppose 4*x - 9*x + 25 = 0. Suppose -x*t + 31 = -39. List the prime factors of t.
2, 7
Suppose -2*a = 4*m - 30, a + 1 = 2. Let f = 14 - m. List the prime factors of f.
7
Let v = 143 - 77. Suppose 8*k - 5*k = v. What are the prime factors of k?
2, 11
Let q(w) = w**2 + 3*w - 3. What are the prime factors of q(-7)?
5
Suppose 11*c - 6*c - 400 = 0. List the prime factors of c.
2, 5
List the prime factors of -4 + 5 + (1 - -48).
2, 5
Let l be (1/1)/((-3)/18). What are the prime factors of (-3)/((-11)/l - 2)?
2, 3
Suppose -18*c + 13*c = -310. What are the prime factors of c?
2, 31
Let l = 88 + -81. List the prime factors of l.
7
Suppose 5*w = -4*f + 32 + 32, -4 = w + 5*f. List the prime factors of w.
2
Let x be 4/(8/18) + 0. Suppose 2*m = 2*h - 22, -3*m - x = 3*h - 0. Let o(i) = -i - 5. List the prime factors of o(m).
2
Let o be 3/((-9)/(-2))*-18. Let b be 4/14 + (-4)/14. Let f = b - o. What are the prime factors of f?
2, 3
Suppose 4*d = 2*d + 6. Suppose 0 = v - 2, 11 = d*t - 5*v - 0*v. Suppose -b + y + t = -y, y = -5*b + 90. What are the prime factors of b?
17
List the prime factors of 3 - (-11*2 + 0).
5
Let l = -258 + 386. Suppose -4*g - 12 = 0, -4*g + 55 = 5*r - l. What are the prime factors of r?
3, 13
Suppose -5*r + 73 = -182. List the prime factors of r.
3, 17
Let h = 0 + 4. Suppose 2 + h = 2*w. What are the prime factors of w?
3
Suppose 0 = 4*c - 2*c - 6. Suppose -q - g + 10 = -2, -c*q - 4*g + 34 = 0. What are the prime factors of q?
2, 7
Let k(d) = -d + 14. Let c be k(8). Suppose 3*v = 5*w - 3*w - 22, 3*v = -3*w + 48. Suppose w - c = 4*l. List the prime factors of l.
2
Let v = -95 - -229. List the prime factors of v.
2, 67
Let h = -5 - -7. Suppose 3*c - 301 = -4*l + h*c, l + 3*c = 67. Suppose -4*d - 5*v = -66, -4*v - 26 = 3*d - l. What are the prime factors of d?
2, 7
Suppose 7 + 13 = 5*a. Suppose 2*h = a*u - 38, -4*h = u - 9*h - 23. List the prime factors of u.
2
Let j(s) = 28*s - 7. List the prime factors of j(2).
7
Suppose 3*b + 40 = 4*v - 0*b, -4*b = 16. List the prime factors of v.
7
Let t(i) = 4*i**2 - i + 12. List the prime factors of t(4).
2, 3
Let x(q) = -2*q**3 - 2*q**2 + q - 1. List the prime factors of x(-2).
5
Let y = 3 - -44. What are the prime factors of y?
47
Let n be 1 + -1 - 1 - 0. Let g = -1 - n. Suppose g = 2*b + b - 24. What are the prime factors of b?
2
Suppose -29 = 2*m - 129. What are the prime factors of m?
2, 5
Suppose -4*a + 16 = p, 4*p - 19 = -5*a + 3*p. Suppose a*j - 92 = -j + 4*r, 2*r = 2. What are the prime factors of j?
2, 3
Let p = 34 + -9. What are the prime factors of p?
5
Suppose -3*a - 1 - 2 = t, -3*t - 2 = 2*a. Suppose i = -q - 1, -2*q - 5*i + 7 - 18 = t. What are the prime factors of q?
2
Suppose -1 - 9 = -5*n. Suppose 22 = g + n*g - 5*u, 0 = 2*g - u - 17. What are the prime factors of g?
3
Let z = 371 - 241. What are the prime factors of z?
2, 5, 13
Let d(k) = k + 103. List the prime factors of d(0).
103
Suppose 4*k + 12 = 0, 3*l + 23 = 2*l - 4*k. Let x = 15 + l. Let r = x - 0. What are the prime factors of r?
2
Suppose 2*g = 0, 2*p + 6 = 4*g - 0. Let u(y) = -y + 32. Let r(b) = -b + 16. Let v(x) = p*u(x) + 5*r(x). What are the prime factors of v(-12)?
2
Let t(f) be the first derivative of f**3/3 - f**2 + 3*f - 5. List the prime factors of t(-3).
2, 3
Let y be 4 + (0 - 0) + 2. Let b(t) = 5*t + 9. Let i(r) = -5*r - 8. Let z(h) = y*i(h) + 5*b(h). What are the prime factors of z(-3)?
2, 3
Let a(v) = -v**3 + 3*v**2 + 4*v + 4. Let c be a(-3). Suppose -c = -2*u - 4*n, n = 4*u - 3*n - 104. List the prime factors of u.
5
Let k(t) = t**2 + 12*t - 9. Let d be k(-12). What are the prime factors of (-30)/d*6/4?
5
Let k = -209 + 425. List the prime factors of k.
2, 3
List the prime factors of (-1 + -1)*54/(-12).
3
Let b = 11 - 7. Suppose 5*p + b*u - 13 = 4, u - 4 = -p. List the prime factors of 10 + -2 + p + 2.
11
Let r(i) = 5*i + 13. What are the prime factors of r(5)?
2, 19
Suppose 3*p - 202 - 20 = 0. List the prime factors of p.
2, 37
Let m(w) = 5*w. Let p be m(3). Suppose 4*d - 85 = p. What are the prime factors of d?
5
Let s = -5 - -10. Suppose 0 = 2*a - 3*h - 12, -6 = 4*a - s*h - 32. List the prime factors of a.
3
Let k be 75 - (-1)/3*0. Suppose 5*q - o - k = o, -5*o + 27 = 4*q. What are the prime factors of q?
13
Suppose 752 = -18*s + 22*s. What are the prime factors of s?
2, 47
Let x(d) = -d**2 - 11*d + 2. Let b be x(-8). Suppose -3*a = -b - 1. Suppose -11 - a = -2*f. What are the prime factors of f?
2, 5
Let m be 313/6 - 2/12. Suppose 3*z - m = -z. What are the prime factors of z?
13
Let c be 4*(-1)/(-2) - -1. Suppose -12*b + 17*b - 165 = 0. Suppose -c*q + 0*q = -b. List the prime factors of q.
11
What are the prime factors of (-7512)/(-21) - (-2)/7?
2, 179
Suppose -9 = 4*d - 9*s + 4*s, 2*d = -2*s - 18. Let k = -14 + 29. Let t 